3 + 4)/(-3))/((-5)/855). Suppose -v*d + 34953 = -957. List the prime factors of d.
2, 3, 5, 7
Let i = 381 - 351. Suppose i*y - 15834 - 16116 = 0. What are the prime factors of y?
3, 5, 71
Let v be (73/(-2))/(2/4). Suppose 3178 = 134*x - 24828. Let n = x + v. What are the prime factors of n?
2, 17
Let i(m) = 155*m - 1050. List the prime factors of i(18).
2, 3, 5, 29
Suppose -5*l - 31 + 41 = 0. Suppose -l*b - 3*b = -25. Suppose -115 = -b*r + 160. What are the prime factors of r?
5, 11
Let x(q) = -330*q - 18. Let w(m) = -4*m - 1. Let o(c) = w(c) + x(c). List the prime factors of o(-3).
983
Let b(y) = 470*y - 22. Let v be b(5). Suppose -26*x + 18*x = -v. List the prime factors of x.
3, 97
Let s be 20674/19 + 66/(-627). Let r = s + -391. List the prime factors of r.
17, 41
Suppose 6*l = -4*q + 232518, -q - 65 = -59. List the prime factors of l.
3, 12919
Suppose g = 25*g - 161448. Suppose 5936 = 21*u - g. List the prime factors of u.
3, 67
Let z(c) = 1468*c**2 - 20*c + 12. What are the prime factors of z(4)?
2, 5, 1171
Suppose -10*x = 56024 - 189574. List the prime factors of x.
5, 2671
Let q = 15001 + 14. List the prime factors of q.
3, 5, 7, 11, 13
Let p be (1 + 2722/(-4))/((-291)/(-3104)). List the prime factors of -6 + 192/30 - p/5.
2, 5, 29
Suppose -21736882 = -237*c - 5768770. What are the prime factors of c?
2, 4211
Suppose 1106075 = 18*d + 50*d - 2901573. What are the prime factors of d?
2, 53, 139
Suppose -3*y - 5*l = 11, -5*y + 3*l = -2*l + 5. Let f be 3/(-6) + (y/2)/(-2). List the prime factors of (-22 - 1)*-1 - f/1.
23
Let q = 82633 + -54592. What are the prime factors of q?
3, 13, 719
What are the prime factors of (-305570)/(-55) - 38/(-209)?
2, 3, 463
Let k(f) = -14*f - 15. Let d be k(9). Let v = 409 + d. List the prime factors of v.
2, 67
Let v be (-220)/22*(-3)/2. Suppose v = -b + 4*b, 0 = -4*w + 2*b + 586. List the prime factors of w.
149
Let u(b) = -b**3 - 17*b**2 + 310*b + 12. List the prime factors of u(-32).
2, 29, 47
Suppose 0 = -4*f + 8*f - 5161 - 19155. List the prime factors of f.
6079
Let b(x) = 3*x - 4. Let h be b(-4). Let i = 169 - 137. Let m = i - h. What are the prime factors of m?
2, 3
Let m(l) = 5 + 6*l**2 - 22*l + 47*l + 6*l**2 - 14*l - l**3. List the prime factors of m(10).
3, 5, 7
Let s(r) = 973*r**3 - r**2 + 16*r - 57. What are the prime factors of s(3)?
3, 2917
Suppose -10 = 7*x - 2*x + 5*n, 2*x = -5*n - 13. Suppose -4*t - x - 11 = 0. What are the prime factors of -10*(57/(-9))/((-2)/t)?
5, 19
Suppose -22*t + 26*t = 12. Suppose u - 2*k = 174, t*u - 5*k = 4*u - 167. Let a = u + 72. What are the prime factors of a?
2, 61
Let u(h) = 24*h + 147. Let f be u(-6). Let c(j) = 46*j - 89. List the prime factors of c(f).
7
List the prime factors of 43653 + (-7)/1*((-288)/(-28) + -10).
43651
Let b(l) be the first derivative of l**2 + 21*l + 15. Let g be b(-8). What are the prime factors of (-1)/(2*g/(-230))?
23
Let t(m) = 56*m + 1078. List the prime factors of t(34).
2, 3, 7, 71
Let l = 102 - 73. Suppose l = 4*j + 709. List the prime factors of 5/5*j/(-2).
5, 17
Let g = 21676 + -13355. What are the prime factors of g?
53, 157
What are the prime factors of ((10696/(-6))/(-7))/(-3 - 1804/(-600))?
2, 5, 191
Suppose 114 = -2*q + 5*a, 5*q + 0*a = -5*a - 285. Suppose 0 = -4*n - 303 - 113. Let s = q - n. List the prime factors of s.
47
Let t = -19391 + 29793. List the prime factors of t.
2, 7, 743
List the prime factors of (-27 + -377 + 3 + 5/(-5))*-41.
2, 3, 41, 67
Suppose 17*r + 13716 = 3*y + 21*r, r = -y + 4573. Suppose u = -7*u + y. What are the prime factors of u?
2, 11, 13
Let y(s) = s**3 + 94*s**2 - 508*s - 246. List the prime factors of y(-98).
2, 67, 83
Let p(s) = -s**2 - 18*s - 23. Let a be p(-17). Let c be a/3 - 0 - (-5 + -2). Suppose 45 = 2*n + l, -l + 120 = c*n - 0*l. List the prime factors of n.
5
List the prime factors of 1064571/39 - 68/(-221).
3, 337
Suppose -42*x - u + 11787 = -41*x, 0 = -x + 4*u + 11777. List the prime factors of x.
5, 2357
Suppose 5*d + a = -0*a + 16, d = 5*a - 2. Let i(g) = -3*g - 10 + 8*g**2 + 3*g**3 - 11*g**d + 3*g**3 + 6*g**3. List the prime factors of i(-7).
2, 3, 5
Let w(u) = 290*u - 435. Let a be w(6). Let g = a - 759. What are the prime factors of g?
2, 3, 7, 13
List the prime factors of ((-315540)/144 - 36)/(2/(-25 + 1)).
3, 59, 151
Suppose -11*b - 4*r + 57740 = 0, 5*b - 13829 - 12399 = 4*r. List the prime factors of b.
2, 41
Let b(s) = -15*s**2 - 75 + 40*s**2 + 51 + s + 9*s. Suppose -5*a - 36 = -5*t - 6, -4*t + 18 = -2*a. List the prime factors of b(t).
3, 7, 11
Let c(o) = -952*o - 1850. What are the prime factors of c(-18)?
2, 7643
Suppose 0 = -15*i + 115058 + 34627. What are the prime factors of i?
17, 587
Let s be 18/(-24) + 9/12. Suppose 7*d + 5*d - 6864 = s. List the prime factors of d.
2, 11, 13
Let t = 12750 + 24273. What are the prime factors of t?
3, 7, 41, 43
Let l(a) be the third derivative of -17*a**4/24 - 19*a**3/3 - 13*a**2 - 6*a. What are the prime factors of l(-31)?
3, 163
Suppose -7*b = -3*b - 8. Suppose b*k + 735 = -k. List the prime factors of 18/(7/(k/(-10))).
3, 7
List the prime factors of ((-59)/(-177))/(2/54) + 3164.
19, 167
Let v be 0*-3*(-5)/30 - -2. Let i = -11 - -7. What are the prime factors of -2*v + (-356)/i?
5, 17
Let m(a) = 19*a**2 + 31*a + 50. Let v(r) = 22*r**2 + 30*r + 50. Let u(w) = 7*m(w) - 6*v(w). List the prime factors of u(-36).
2, 7
Let d be 4/2 - 0/6 - 2. Let o(b) = -b - 192. Let s be o(d). Let a = 271 + s. List the prime factors of a.
79
Let v = -37362 - -69789. List the prime factors of v.
3, 1201
Let h(b) = b**2 + 3. Let g be h(-3). Let q(a) = 26*a - 29 - g - 21*a. List the prime factors of q(17).
2, 11
Let k(q) = 36503*q + 13 + 21*q**2 - 36503*q. What are the prime factors of k(5)?
2, 269
Let v(o) = 114*o + 16530. List the prime factors of v(-39).
2, 3, 19, 53
Suppose -4*p = 8*g - 249716, -2*g + 5*p = -43778 - 18681. What are the prime factors of g?
19, 31, 53
What are the prime factors of (3 - 0 - (-57)/(-9))*18198/(-4)?
3, 5, 337
Let q = -408 + 12. Let l = 649 + q. What are the prime factors of l?
11, 23
Suppose 30 = 4*h - 2*z, -4*z - 30 = -3*h + h. Suppose 0 = 5*b + h*c - 1905, 2*b + 5*c - 756 = -0*c. Let o = b - 156. List the prime factors of o.
227
Suppose -8*u - u + 18 = 0. Suppose -4*y - 18 = -u*i - 0*y, -1 = y. Suppose 10*j = i*j + 447. List the prime factors of j.
149
Suppose -3*g + 42426 = 3*r, 2*g - r - 13060 - 15236 = 0. List the prime factors of g.
2, 11, 643
What are the prime factors of ((-5362)/18 - -3)/((-35)/210)*9?
2, 3, 1327
Let m(b) be the first derivative of -b**3/3 + 9*b**2/2 + 22*b - 8. Let r be m(11). Suppose -3*c + 192 = -r*c. List the prime factors of c.
2
Let k(u) = -2*u**2 + 59*u - 147. Let m be k(27). List the prime factors of (1630/4)/(m + 225/18).
5, 163
Let r(a) = -20*a + 49. Let q be r(6). Let v = q + 75. Suppose 3 + 2 = -5*k, 0 = -3*m + v*k + 208. What are the prime factors of m?
2, 17
Let c = -2918 - -5008. Let j = c - 1473. What are the prime factors of j?
617
What are the prime factors of (-72)/306*(-167858)/4?
2, 4937
Let j be (-6)/(3 + 0) - -3. Let t be (j - 1)*(8 + -9). Suppose t*k = -5*k + 330. List the prime factors of k.
2, 3, 11
Suppose -2*q - 40 + 10 = 0. Let w = -10 + q. What are the prime factors of (36/(-10))/3*w?
2, 3, 5
Let a(d) = 541*d**2 + 10*d - 2. Let i be a(-2). Let u = i - 1235. List the prime factors of u.
907
Let m = 129595 - 70010. What are the prime factors of m?
5, 17, 701
Suppose 3*o = 6, 2*y + 2*y = o + 26. Suppose y*f - 12*f = 0. Suppose 5*s - 5*b = 180, f = 4*s + b + 2*b - 116. List the prime factors of s.
2
Let p(u) = -425*u**3 + 5*u**2 + 4*u - 12. List the prime factors of p(-3).
2, 3, 479
Let j(v) = 597*v - 546. Let y be j(6). Suppose 8*r - 2548 = y. What are the prime factors of r?
2, 349
Suppose -2668*h + 2691*h - 21528 = 0. What are the prime factors of h?
2, 3, 13
Let b = 584 - 587. What are the prime factors of (-212)/b*36/32*12?
2, 3, 53
Let f = 6 + -20. List the prime factors of (-4 - 156/8)/(1/f).
7, 47
Suppose -24*r - 11*r - 380492 = -1208417. What are the prime factors of r?
3, 5, 19, 83
Let i be 11/(11/(-14)) - (-4)/1. Let o(w) = 2*w**3 + 32*w**2 + 6*w + 16. List the prime factors of o(i).
2, 17
Let n = 12212 - 937. What are the prime factors of n?
5, 11, 4